e number?
False
Let a be (-200)/5*6/(-15). Suppose -q = -3*q - a. Is (2/(-3))/(q/444) prime?
True
Suppose 0 = -3*c + 2*r + 805 - 4722, 5*r + 2624 = -2*c. Let m = -888 - c. Is m prime?
True
Suppose 3*y + 4*f + 0*f - 9 = 0, 0 = -3*f + 9. Is 26/((8/(-124))/y) prime?
False
Let o(j) = 0 - 64*j - 3 - 5 - 91*j. Let v be o(-5). Suppose -z + 267 = -5*h, -2*h = -z + 4*z - v. Is z composite?
False
Let a(l) = -31*l + 7. Let u = -29 + 23. Let h be (0 - u)/((-21)/14). Is a(h) a composite number?
False
Suppose -11*u + 329545 = 6*u. Is u a prime number?
False
Let j = -11 - -15. Let k = j - 4. Let z(h) = h**3 - h**2 + h + 37. Is z(k) prime?
True
Suppose -s - 2947 = -2*i, i - 5*i = 5*s - 5859. Is i a prime number?
True
Suppose 4*c - 67 = -15. Suppose 0 = -c*h + 9*h - 16. Is 2118/8 + h/(-16) a prime number?
False
Let t be (5 + 6)/(0 - 1). Let f(w) = w**3 + 11*w**2 + 12. Let i be f(t). Is (-2481)/(-15) - i/(-20) composite?
True
Is (6 + -169 + -1)/(-1 + -1) composite?
True
Is (-9)/(27/(-9642))*(0 - -1) composite?
True
Let f be 5 + ((-16)/20)/(6/15). Suppose 6*u - 192 = u - 4*q, -60 = -2*u + 4*q. Let y = f + u. Is y a composite number?
True
Suppose -w = -2*w + 1. Let v be -2*w + (1 - 13). Let i = v - -51. Is i prime?
True
Let f(r) = 37*r**2 + 10*r + 50. Is f(-7) composite?
True
Let z(n) = -3*n**3 - 16*n**2 - 18*n + 10. Is z(-15) composite?
True
Let v(d) = -21*d - 8. Let i(y) = 43*y + 15. Let u(a) = -2*i(a) - 5*v(a). Is u(9) prime?
True
Let q be 50/(-6) - 4/6. Let b = 13 + q. Suppose j = 6*j - 4*h - 1321, 0 = b*h - 4. Is j composite?
True
Suppose g - 452 = 2*s, s - 6*s = 5*g - 2290. Suppose 7*z + z = g. Is z a prime number?
False
Let f(q) = 2*q**2 + 5*q - 4. Let u be f(-4). Suppose u*m - 2490 = -2*m. Is m a prime number?
False
Suppose 135*m - 7609 = 128*m. Is m prime?
True
Suppose 0 = 16*n - 19*n + 15. Suppose 5*l + 2*x = 8285, 2*l + n*x = 2*x + 3325. Is l a composite number?
True
Let s = -312 + 580. Let z be (-1)/1 + (s - -1). Let p = 129 + z. Is p composite?
False
Let r = 33722 - 19261. Is r a composite number?
False
Let x(c) = -4*c + 8 + 0 - 3*c - 4*c. Is x(-11) a prime number?
False
Let k = 62 + -65. Let r(z) = -15*z**3 + 2*z**2 - 6*z + 4. Is r(k) a composite number?
True
Let g(o) = -14*o + 6. Let h be g(6). Let f(d) = d**3 + 31*d**2 - 38*d - 59. Let c be f(-32). Let r = c - h. Is r a composite number?
False
Let s be ((-11879)/(-14))/(2/4). Suppose -5*z - 167 + s = 0. Suppose 0*o = n + o - z, -3*n - 2*o + 919 = 0. Is n prime?
True
Let d = 31 + 13. Suppose -45*w - d = -49*w. Is w a composite number?
False
Let k be 4 + (-558)/135 - (-154)/30. Suppose -3*i - 4*x = -k*i + 12678, -15 = -3*x. Is i composite?
True
Suppose p + 2*w - 4 = -0*p, -2 = -3*p - w. Suppose p = a + 3*r - 789, 2*r = -4*a - 1359 + 4465. Suppose 5*i - 957 = -h, -4*i - 6*h = -h - a. Is i prime?
True
Suppose -v - 3*i = -18, 4*v - 72 = 6*i - 4*i. Let g = 25 - v. Suppose 2*x - g*x = -1775. Is x composite?
True
Suppose h - y = -1, -5*h + 8*y = 5*y + 3. Is 2 - (-2 + -2 + h + -623) prime?
False
Let j = 1084 - 194. Suppose c + 1444 = x, -2*x + j = -5*c - 2013. Is x prime?
True
Suppose -8*d - 231047 = -5*k - 10*d, 46191 = k + 5*d. Is k a composite number?
True
Is (-19)/((-38)/12384) + 1 composite?
True
Let y = 41 - 39. Suppose 4*z - 608 = -4*p - 0*z, 4*p - 602 = -y*z. Is p composite?
False
Suppose i + 21 = 4*g, 3*g - 27 = i - 4*i. Let d be 4 - 0 - 0 - g. Let y(o) = -52*o**3 - 3*o**2 - 3*o - 3. Is y(d) composite?
True
Suppose 3*i + 5*i = 19256. Is i prime?
False
Let m(n) = 3*n - 8. Let b be m(5). Suppose -2*y - 1 = b. Let t(w) = -274*w + 3. Is t(y) prime?
False
Let h(j) be the third derivative of 0*j + 39/20*j**6 + 1/6*j**3 + 0 - 4*j**2 + 1/60*j**5 - 1/24*j**4. Is h(1) composite?
True
Suppose 20 - 2 = -3*c. Let u = c + 17. Suppose -u*p + 318 = -9*p. Is p composite?
True
Let o = -29236 + 76539. Is o a prime number?
True
Let z = 1316 + -429. Is z composite?
False
Let f be 3*(1 - (3 - 1)). Let x be f*(3 - 10) + 0. Suppose -3*d = -z - x - 106, 225 = 5*d + 5*z. Is d composite?
False
Let y(v) = 3*v - 6*v - 30 + v + 117. Is y(0) composite?
True
Suppose 4*n + 0*n - 2132 = 0. Suppose -2*a = -4*a + 484. Let t = n - a. Is t prime?
False
Let b = -6031 - -9834. Is b a prime number?
True
Is (-15147)/(-1) - (-19)/((-95)/(-30)) composite?
True
Let z(l) = l**2 + 8*l - 4. Let x be z(-9). Suppose -x*a - 5*f + 11 = 1, 19 = 5*a - 4*f. Suppose 5*b - 3*t - 156 = 26, a*t + 108 = 3*b. Is b composite?
False
Let f(i) = -8*i**2 - i**2 + 13*i + 2*i + 5 + 2*i. Let x(a) = -3*a**2 + 6*a + 2. Let n(k) = -3*f(k) + 8*x(k). Is n(4) composite?
False
Let c = -65 - -502. Is c prime?
False
Suppose 2*n = 2*c - 0*c + 4200, -n + 2101 = -2*c. Is n a prime number?
True
Suppose -4*a - 2030 = -3954. Is a a composite number?
True
Let g = 14217 + -9710. Is g composite?
False
Let i(b) = 14762*b - 19. Is i(1) a prime number?
False
Suppose -v = -4*n - 15189, 2*v + 5*n + 7643 = 38086. Is v prime?
False
Suppose i - 66 = 456. Let s = 1409 - i. Is s composite?
False
Suppose t - 2 = -3, 4*b - 3*t + 5 = 0. Let k(s) = -s**2 + 5*s - 11*s**3 - 13*s**3 - 7*s**3 + 5. Is k(b) a prime number?
True
Let r be (-371)/((-3)/6*-2). Let m = r - -625. Is m a composite number?
True
Let o(b) = -3 - 22*b + 113*b**2 + 16*b + 13*b - 8. Is o(3) composite?
True
Let c be 6/(-21) + (-384)/28. Let h = c + 19. Suppose -5*p = h*n - 1600, 3*p = -n + 93 + 233. Is n a composite number?
False
Let o = -252 - -1407. Suppose 2*b + 1 = g, 2*b - 5*b = -6. Suppose -g*k - 130 = -o. Is k a composite number?
True
Suppose -1886 = -2*b - 4*o, 8*b - 10*b - o + 1901 = 0. Is b composite?
False
Let c = 1391 + 964. Suppose -2*q - c = -5*q - f, 4*q + 4*f - 3140 = 0. Is q composite?
True
Suppose 9*r = 11*r - 492. Suppose 72 = 3*u - r. Is u prime?
False
Suppose 0 = 3*k - 3*w + 81, -5*k + w = 4*w + 135. Let c(r) = 2*r**3 + 55*r**2 + 5*r + 35. Is c(k) composite?
True
Let s(z) = -z**2 - 9*z - 2. Let u(m) = m**2 + 12*m + 6. Let w be u(-11). Let j be s(w). Suppose -3*c - 38 = -2*f - 0*c, -2*c - j = -f. Is f composite?
True
Suppose -3*x - 12 = 3*d, 0 = -2*x - x - 12. Let q(j) be the third derivative of -j**5/60 - j**4/24 + 79*j**3/6 - 2*j**2. Is q(d) composite?
False
Let y(n) = 6*n**3 - 1. Let j be y(1). Suppose 2*s - 1346 = -j*a + a, -3*a - 5*s + 1020 = 0. Is a composite?
True
Suppose 4*z - 16 = g + 9, -3*z + 20 = -g. Suppose -z*b = -4*c + 1027, -3*b - 70 = -c + 178. Is c a prime number?
True
Suppose 8126900 = 146*d - 46*d. Is d composite?
True
Suppose t - m + 487 = 4*t, 3*t - 479 = m. Is t composite?
True
Is 17/7 + -3 - 72609/(-21) a composite number?
False
Let i(w) = -9*w**3 - 25*w**2 + 7*w - 16. Is i(-11) prime?
True
Let i = -22 + -118. Let o = i - -2959. Is o a prime number?
True
Suppose -2*x - 3*h = 9, -h - 5 = x - 0*h. Is (2756/(-8))/(1*3/x) composite?
True
Let v(n) = n**3 + 18*n**2 + 3*n - 5. Let h(s) = s**2 - 12*s + 12. Let t be h(10). Let k be v(t). Suppose -5*r + 1029 = 2*w, -3*r + k = -0*r - 2*w. Is r prime?
False
Let w = -23 - -23. Suppose -5*r = 5, -2*t + 2*r - 3 + 73 = w. Is t a composite number?
True
Suppose 5*u - 2 = 4*u. Suppose -2*d = -d - u. Suppose -4*z = -4*t - 1512, 3*t + 82 = d*z - 673. Is z composite?
False
Is (-234 + -3)/(1*(0 - 1)) composite?
True
Let b(t) = -448*t - 50. Is b(-6) composite?
True
Let h = -1376 - -2201. Suppose p - 2237 = h. Is p a composite number?
True
Let f be 6/(-39) - 150/39. Is (-1015)/(-15) + f/6 prime?
True
Is (2/8)/(30/240600) a prime number?
False
Let o = -50 - -55. Suppose 2*w - o*z = -w + 401, -w + 131 = -z. Is w composite?
False
Is ((-29948)/8)/(388/56 - 7) composite?
True
Let o(z) = 2*z**2 - 4*z**2 - 3*z**3 + 2*z**2. Let f be o(-1). Suppose -f*b = -4*b + 159. Is b a composite number?
True
Let k = 30160 + -19743. Is k a composite number?
True
Let y(p) = 34*p**2 - 19*p + 83. Is y(-11) a prime number?
False
Let n = -13 - -13. Suppose 0 = -n*z + 5*z - 695. Is z prime?
True
Let i = 778 + 5269. Is i prime?
True
Let o(q) = q**2 + 2*q. Let d be o(-4). Is 7572/d*10/15 prime?
True
Let t be (-5)/15 - 40/6. Let v(k) = -56*k + 5. Is v(t) composite?
False
Is (-15)/(-5)*(-4425)/(-45) a composite number?
True
Let r = -3247 + 4610. Suppose -5*d - 546 + 1908 = -2*j, -r = -5*d + 3*j. Let l = d - 193. Is l prime?
True
Suppose -51895 = 3*x + t, 4*x + 0*t = -5*t - 69197. Is -3 - (2